{"id":93,"date":"2024-03-09T17:07:39","date_gmt":"2024-03-09T20:07:39","guid":{"rendered":"https:\/\/tsmart.com.br\/?page_id=93"},"modified":"2024-03-23T16:39:40","modified_gmt":"2024-03-23T19:39:40","slug":"wazuh","status":"publish","type":"page","link":"https:\/\/tsmart.com.br\/index.php\/wazuh\/","title":{"rendered":"Wazuh"},"content":{"rendered":"\n<p>O Wazuh \u00e9 uma ferramenta de seguran\u00e7a cibern\u00e9tica de c\u00f3digo aberto projetada para auxiliar na detec\u00e7\u00e3o, resposta e gerenciamento de amea\u00e7as em ambientes de tecnologia da informa\u00e7\u00e3o. Essa solu\u00e7\u00e3o integra funcionalidades de monitoramento de logs, detec\u00e7\u00e3o de intrus\u00f5es, an\u00e1lise de vulnerabilidades e resposta a incidentes, proporcionando uma abordagem abrangente \u00e0 seguran\u00e7a.<\/p>\n\n\n\n<p>O Wazuh oferece recursos como an\u00e1lise de logs em tempo real, correla\u00e7\u00e3o de eventos, detec\u00e7\u00e3o de anomalias, e integra\u00e7\u00e3o com outras ferramentas de seguran\u00e7a. Al\u00e9m disso, possui um console de gerenciamento que facilita a visualiza\u00e7\u00e3o e an\u00e1lise de dados relacionados \u00e0 seguran\u00e7a, permitindo uma resposta r\u00e1pida a eventos suspeitos.<\/p>\n\n\n\n<p>Com suporte a diversos sistemas operacionais, o Wazuh \u00e9 escal\u00e1vel e pode ser adaptado a diferentes ambientes, tornando-se uma op\u00e7\u00e3o valiosa para organiza\u00e7\u00f5es que buscam fortalecer suas defesas contra amea\u00e7as cibern\u00e9ticas.<\/p>\n\n\n\n<figure class=\"wp-block-image size-full\"><img loading=\"lazy\" decoding=\"async\" width=\"650\" height=\"581\" src=\"https:\/\/tsmart.com.br\/wp-content\/uploads\/2024\/03\/wazuh-dashboard-1.png\" alt=\"\" class=\"wp-image-113\" srcset=\"https:\/\/tsmart.com.br\/wp-content\/uploads\/2024\/03\/wazuh-dashboard-1.png 650w, https:\/\/tsmart.com.br\/wp-content\/uploads\/2024\/03\/wazuh-dashboard-1-300x268.png 300w, https:\/\/tsmart.com.br\/wp-content\/uploads\/2024\/03\/wazuh-dashboard-1-600x536.png 600w, https:\/\/tsmart.com.br\/wp-content\/uploads\/2024\/03\/wazuh-dashboard-1-400x358.png 400w\" sizes=\"auto, (max-width: 650px) 100vw, 650px\" \/><\/figure>\n\n\n\n<figure class=\"wp-block-image size-full is-resized\"><img loading=\"lazy\" decoding=\"async\" width=\"1023\" height=\"720\" src=\"https:\/\/tsmart.com.br\/wp-content\/uploads\/2024\/03\/wazuh-dashboard3.png\" alt=\"\" class=\"wp-image-114\" style=\"width:647px;height:auto\" srcset=\"https:\/\/tsmart.com.br\/wp-content\/uploads\/2024\/03\/wazuh-dashboard3.png 1023w, https:\/\/tsmart.com.br\/wp-content\/uploads\/2024\/03\/wazuh-dashboard3-300x211.png 300w, https:\/\/tsmart.com.br\/wp-content\/uploads\/2024\/03\/wazuh-dashboard3-768x541.png 768w, https:\/\/tsmart.com.br\/wp-content\/uploads\/2024\/03\/wazuh-dashboard3-825x581.png 825w, https:\/\/tsmart.com.br\/wp-content\/uploads\/2024\/03\/wazuh-dashboard3-600x422.png 600w, https:\/\/tsmart.com.br\/wp-content\/uploads\/2024\/03\/wazuh-dashboard3-400x282.png 400w\" sizes=\"auto, (max-width: 1023px) 100vw, 1023px\" \/><\/figure>\n","protected":false},"excerpt":{"rendered":"<p>O Wazuh \u00e9 uma ferramenta de seguran\u00e7a cibern\u00e9tica de c\u00f3digo aberto projetada para auxiliar na detec\u00e7\u00e3o, resposta e gerenciamento de amea\u00e7as em ambientes de tecnologia da informa\u00e7\u00e3o. Essa solu\u00e7\u00e3o integra&hellip;<a href=\"https:\/\/tsmart.com.br\/index.php\/wazuh\/\" class=\"more-link\"><span class=\"more-button\">Continue reading<span class=\"screen-reader-text\">Wazuh<\/span><\/span><\/a><\/p>\n","protected":false},"author":1,"featured_media":0,"parent":0,"menu_order":0,"comment_status":"closed","ping_status":"closed","template":"","meta":{"footnotes":""},"class_list":["post-93","page","type-page","status-publish","hentry"],"_links":{"self":[{"href":"https:\/\/tsmart.com.br\/index.php\/wp-json\/wp\/v2\/pages\/93","targetHints":{"allow":["GET"]}}],"collection":[{"href":"https:\/\/tsmart.com.br\/index.php\/wp-json\/wp\/v2\/pages"}],"about":[{"href":"https:\/\/tsmart.com.br\/index.php\/wp-json\/wp\/v2\/types\/page"}],"author":[{"embeddable":true,"href":"https:\/\/tsmart.com.br\/index.php\/wp-json\/wp\/v2\/users\/1"}],"replies":[{"embeddable":true,"href":"https:\/\/tsmart.com.br\/index.php\/wp-json\/wp\/v2\/comments?post=93"}],"version-history":[{"count":2,"href":"https:\/\/tsmart.com.br\/index.php\/wp-json\/wp\/v2\/pages\/93\/revisions"}],"predecessor-version":[{"id":116,"href":"https:\/\/tsmart.com.br\/index.php\/wp-json\/wp\/v2\/pages\/93\/revisions\/116"}],"wp:attachment":[{"href":"https:\/\/tsmart.com.br\/index.php\/wp-json\/wp\/v2\/media?parent=93"}],"curies":[{"name":"wp","href":"https:\/\/api.w.org\/{rel}","templated":true}]}}