{"id":106,"date":"2024-03-21T18:35:37","date_gmt":"2024-03-21T21:35:37","guid":{"rendered":"https:\/\/tsmart.com.br\/?page_id=106"},"modified":"2024-03-21T18:35:37","modified_gmt":"2024-03-21T21:35:37","slug":"valores","status":"publish","type":"page","link":"https:\/\/tsmart.com.br\/index.php\/valores\/","title":{"rendered":"Valores"},"content":{"rendered":"\n<p>Inova\u00e7\u00e3o: Estamos constantemente buscando novas maneiras de impulsionar a inova\u00e7\u00e3o em tudo o que fazemos, desde o desenvolvimento de produtos at\u00e9 a presta\u00e7\u00e3o de servi\u00e7os aos clientes.<\/p>\n\n\n\n<p>Excel\u00eancia: Nosso compromisso com a excel\u00eancia \u00e9 evidente em todos os aspectos de nosso trabalho. Buscamos sempre os mais altos padr\u00f5es de qualidade e desempenho.<\/p>\n\n\n\n<p>Parceria: Valorizamos relacionamentos de longo prazo com nossos clientes e vemos cada projeto como uma oportunidade de construir uma parceria duradoura baseada na confian\u00e7a e na colabora\u00e7\u00e3o.<\/p>\n\n\n\n<p>Transpar\u00eancia: Na TSMART, a transpar\u00eancia \u00e9 um valor fundamental que permeia todas as nossas rela\u00e7\u00f5es e processos. Acreditamos na import\u00e2ncia de manter uma comunica\u00e7\u00e3o aberta e honesta com nossos clientes, colaboradores e parceiros comerciais. Desde o in\u00edcio de cada projeto at\u00e9 sua conclus\u00e3o, nos esfor\u00e7amos para garantir que todas as partes envolvidas estejam plenamente informadas e envolvidas no processo. Isso n\u00e3o apenas promove a confian\u00e7a e a colabora\u00e7\u00e3o, mas tamb\u00e9m contribui para resultados mais bem-sucedidos e satisfat\u00f3rios para todos os envolvidos.<\/p>\n","protected":false},"excerpt":{"rendered":"<p>Inova\u00e7\u00e3o: Estamos constantemente buscando novas maneiras de impulsionar a inova\u00e7\u00e3o em tudo o que fazemos, desde o desenvolvimento de produtos at\u00e9 a presta\u00e7\u00e3o de servi\u00e7os aos clientes. Excel\u00eancia: Nosso compromisso&hellip;<a href=\"https:\/\/tsmart.com.br\/index.php\/valores\/\" class=\"more-link\"><span class=\"more-button\">Continue reading<span class=\"screen-reader-text\">Valores<\/span><\/span><\/a><\/p>\n","protected":false},"author":1,"featured_media":0,"parent":0,"menu_order":0,"comment_status":"closed","ping_status":"closed","template":"","meta":{"footnotes":""},"class_list":["post-106","page","type-page","status-publish","hentry"],"_links":{"self":[{"href":"https:\/\/tsmart.com.br\/index.php\/wp-json\/wp\/v2\/pages\/106","targetHints":{"allow":["GET"]}}],"collection":[{"href":"https:\/\/tsmart.com.br\/index.php\/wp-json\/wp\/v2\/pages"}],"about":[{"href":"https:\/\/tsmart.com.br\/index.php\/wp-json\/wp\/v2\/types\/page"}],"author":[{"embeddable":true,"href":"https:\/\/tsmart.com.br\/index.php\/wp-json\/wp\/v2\/users\/1"}],"replies":[{"embeddable":true,"href":"https:\/\/tsmart.com.br\/index.php\/wp-json\/wp\/v2\/comments?post=106"}],"version-history":[{"count":1,"href":"https:\/\/tsmart.com.br\/index.php\/wp-json\/wp\/v2\/pages\/106\/revisions"}],"predecessor-version":[{"id":108,"href":"https:\/\/tsmart.com.br\/index.php\/wp-json\/wp\/v2\/pages\/106\/revisions\/108"}],"wp:attachment":[{"href":"https:\/\/tsmart.com.br\/index.php\/wp-json\/wp\/v2\/media?parent=106"}],"curies":[{"name":"wp","href":"https:\/\/api.w.org\/{rel}","templated":true}]}}